3*z(a). Let l be 39/9 + (-2)/(-3). Let c = l + -2. What is o(c)?
-10
Let z(b) = b**2 + 11*b - 7. Let r(i) = -2*i**2 - 15*i + 17. Let a(k) = k**2 + 8*k - 8. Let m(j) = 5*a(j) + 2*r(j). Let q(x) = 7*m(x) - 6*z(x). Calculate q(-3).
-3
Let l(k) = 35 - 2*k - 63 + 31. Suppose 6 = 4*j - 10. Determine l(j).
-5
Let g(l) = l - 5. Suppose 3*z + 12 = 0, -z = 5*t - 26 - 0. Calculate g(t).
1
Let a(t) = -t**3 - 4. Let k = -46 - -46. Calculate a(k).
-4
Let o(u) = -3*u - 5. Let k(j) = j. Let q = -12 + 13. Let m(p) = q*o(p) + 2*k(p). Determine m(-4).
-1
Let u(b) = -b**2 + 7*b - 8. Let g(j) = j**2 - 7*j + 8. Let n(s) = 5*g(s) + 6*u(s). Determine n(6).
-2
Let m(y) be the second derivative of -1/20*y**5 - 3*y + 1/3*y**3 - 3/2*y**2 + 1/4*y**4 + 0. Let u(c) = c + 7. Let x be u(-5). Calculate m(x).
5
Let f be 7/(0 - (-3)/6). Let q(h) = 13*h - 6*h + f - 7 + h**2. Suppose w + 8 + 0 = -u, 0 = -4*u - 12. Determine q(w).
-3
Let o(y) = y**3 + 4*y**2 - 6*y - 7. Let x be -1*3*(-70)/(-42). Calculate o(x).
-2
Let q(z) = z. Let y(f) = -12*f. Let o(u) = 20*q(u) + 2*y(u). Calculate o(-3).
12
Let o(v) be the third derivative of v**5/30 + 11*v**4/24 - 13*v**3/6 - 7*v**2. Let q(h) = -h**2 - 5*h + 6. Let a(u) = 6*o(u) + 13*q(u). What is a(0)?
0
Suppose -5 = 3*p - 23. Let n(u) = -4*u - 18. Let y(o) = -3*o - 12. Let d(j) = -5*n(j) + 7*y(j). Calculate d(p).
0
Let z be (-78)/(-65)*5/2 + -9. Let i(x) = x**3 + 5*x**2 - 7*x + 7. Give i(z).
13
Let i(f) = 13*f**3 - 5*f**2 - 13*f - 7. Let s(u) = 6*u**3 - 2*u**2 - 6*u - 3. Let m(h) = 4*i(h) - 9*s(h). Determine m(2).
-21
Let t(c) be the second derivative of -c**4/12 + 5*c**3/6 - c**2 + c - 17. Suppose 0 = 6*h - h - 20. Determine t(h).
2
Let u be (20/(-16))/(2/(-8)). Suppose 0 = -u*c + 4*f - f + 20, 0 = -c - 5*f - 24. Let i(w) = w**3 - w**2 + w. Give i(c).
1
Suppose -4*t + 6 - 26 = 0. Let u = t + 3. Let y(c) = -2 + 1 + 2*c + 0. Give y(u).
-5
Let p = 1 - 1. Let a = -2 - p. Let f(y) be the first derivative of y**4/4 - 3*y**2/2 - 2*y + 13. Determine f(a).
-4
Let p(x) be the third derivative of 0*x + 11/6*x**3 + 0 + 1/24*x**4 + x**2. Suppose -3*q + 4*n - 22 = 0, -8*q + 3*q - 5*n - 25 = 0. Calculate p(q).
5
Let k(f) = -6*f - 2*f + 3*f + 3*f + 5. What is k(5)?
-5
Let x be (6/(-4))/((-6)/(-56)). Let j be (-3)/9 - x/6. Let z(l) = -5*l**j + 2 + 9*l**2 + l**3 + l + 3. Determine z(-4).
1
Let q(a) be the second derivative of a**4/12 - 5*a**3/6 - a**2 - 6*a. Determine q(5).
-2
Let x(y) = 2*y**3 + 10*y**2 + 5*y + 1. Let a(t) = -t**3 - 5*t**2 - 2*t. Let s(c) = -5*a(c) - 3*x(c). Suppose -8 = 4*f + 8. Determine s(f).
1
Let h(f) = 5*f + 3. Suppose 0 = 4*t - 2*c - 0*c + 6, -4*t - c = 9. Let w be (-1)/(-2) - (-5)/t. Calculate h(w).
-7
Let h(t) = -2*t**2 + 1. Let c = 7 - 13. Let w = c - -7. Give h(w).
-1
Let x(g) be the third derivative of g**4/12 + g**2. Suppose -2*u - m + 0 = -5, 3*m - 3 = 0. Determine x(u).
4
Let u(d) = 2*d + 2. Let v = 2 - 6. Give u(v).
-6
Let c(x) = -x**2 + x + 1. Suppose -3*h + 11 = -16. Let m(a) = -a**3 + 9*a**2 + a - 10. Let u be m(h). Calculate c(u).
-1
Let y be (12/8)/(3/(-4)). Let a be 5 + -2 - (-1 - y). Let x(d) = -2 - a*d**2 - 4*d + 6*d**2 - 3*d**2. Calculate x(5).
3
Suppose -3*i + 3*l + 3 = 4*l, 2*i - 2 = 2*l. Suppose -9 = -3*m, -i = -h - 4*h - 2*m. Let x(q) = 3*q**3 - q**2. What is x(h)?
-4
Let f(r) be the first derivative of -r**3/3 - 7*r**2/2 + 3*r + 5. What is f(-6)?
9
Let h(j) = -2 + 4*j + 3*j**2 - 6*j**2 + j**2 + 3. Let u be (2/(-4))/(2/(-12)). Determine h(u).
-5
Let l(w) = w**2 + w + 1. Let u be l(-1). Let i be (u/3)/((-3)/(-9)). Let k(d) = -4*d**3 + 2*d**2 - 2*d + 1. Determine k(i).
-3
Let q(g) be the first derivative of g**3/3 - 3*g**2 + 3*g + 4. Let n = 13 - 9. Determine q(n).
-5
Let f = 1 - -2. Let q = f - -2. Suppose -4*k + s - 10 = 3*s, 5*k + s = -q. Let g(c) = c**2 - 12. Give g(k).
-12
Let w(a) be the first derivative of -a**5/6 + a**4/24 - a**2 - 1. Let k(b) be the second derivative of w(b). Determine k(-1).
-11
Let m(j) = 21 + j**3 + 5*j**2 + 5*j - 17 - 11*j**2. Give m(4).
-8
Suppose 3 = -v - 0*v - 5*g, 48 = 4*v + 5*g. Let j(x) = -8*x**2 + 14. Let z(m) = -3*m**2 + 5. Let k(p) = v*z(p) - 6*j(p). Determine k(1).
-2
Let c = -3 + 3. Suppose 4*i + 29 - 9 = c. Let n(h) = 1 + 0*h**2 - h + h**2 + 7*h. What is n(i)?
-4
Let i be 14/3 - 4/6. Suppose 2*u = 2*g - 12, -i*u = 5*g - 2*u - 16. Let p(r) = r**2 - r - 1. Let o(m) = 3*m - 7. Let q(d) = o(d) - p(d). Calculate q(g).
-6
Let x(c) = -10*c. Suppose -3 = 4*m - 7*m. What is x(m)?
-10
Let j(d) be the third derivative of d**6/120 + 7*d**5/60 + d**4/3 + 5*d**3/6 + d**2. Let s(i) = i + 2. Let q be s(-8). What is j(q)?
-7
Let c(z) be the third derivative of -z**4/24 - z**3 - 2*z**2. Let j = 13 + -9. Let s = 1 - j. Give c(s).
-3
Let y(n) = 2*n - 1. Suppose 0 = -g + x, 0 = 2*g - x + 3 - 0. Give y(g).
-7
Let n(k) be the third derivative of k**8/6720 + k**7/360 + k**6/120 - k**5/120 - 5*k**4/24 + k**2. Let u(v) be the second derivative of n(v). Give u(-6).
-1
Let y(p) be the second derivative of p**5/20 + p**4/6 + p**3/2 - 8*p. What is y(-2)?
-6
Suppose u + 51 = 3*y, -2*y + 3*u + 11 = -30. Suppose -5*t = -r - 50 + y, r + 16 = 2*t. Let d(s) = s**3 - 6*s**2 + 2. What is d(t)?
2
Suppose -3*r + 3 = m - 6*m, 5*r - 5 = -5*m. Let i(x) = 5*x - 1. Determine i(r).
4
Let z(t) = -2*t - 3. Let g(i) = -5*i - 9. Let c(d) = 3*g(d) - 8*z(d). Determine c(-3).
-6
Let b(i) = -4*i - 3. Let a(p) = p + 2. Let g be a(4). Suppose -4*w - 10 = g. What is b(w)?
13
Let m = -3 - -4. Suppose -7 = 2*i - m. Let r(u) = -1 + 0*u + 5*u - 2*u. Calculate r(i).
-10
Let l = 4 + 2. Let o(q) = 5*q. Suppose -8*c + 4*c - 136 = 0. Let h(x) = x. Let d(n) = c*h(n) + l*o(n). Determine d(2).
-8
Let s(a) = 1 - 3*a - 2 + 4*a + 0*a. Let i be s(1). Let r(k) = 4 - 5*k - k**2 + 5*k. Determine r(i).
4
Let n(a) be the second derivative of a**4/12 + 2*a**3/3 - 2*a**2 - 11*a. Determine n(-4).
-4
Let f = -6 + 8. Suppose 2*o + f*o = 20. Suppose -o*c + 3*c = 0. Let w(x) = -x + 2. Calculate w(c).
2
Suppose 2*m + 3 = 3*t + 25, 5*t - 4*m = -38. Let n = t + 11. Let j(w) = 5*w + 7*w - w**2 - n*w - w - 2. Give j(4).
6
Suppose 0 = 2*m - 0*m + 36. Let d = m + 25. Suppose 3 = 2*f + d. Let b(p) = p**2 + p + 2. Give b(f).
4
Suppose -a - 9 = -4*a. Let l = a - 2. Let d(g) = -3 - 3*g + 3. Give d(l).
-3
Let p(w) = w**3 - w - 10. Let s(m) = -m**3 + m + 11. Let d(a) = -4*p(a) - 3*s(a). Determine d(0).
7
Let i(t) = 4 + 3*t - t - 10. Suppose f + 9 = -2. Let k = f - -15. What is i(k)?
2
Let z(s) = -s + 6. Let d be (-664)/(-72) - (-4)/(-18). Let b = -9 + d. Determine z(b).
6
Let l(s) = -s - 1. Let c = 8 + -4. What is l(c)?
-5
Let r be (-63)/5 - 4/10. Let v = 31 + r. Suppose -t + v = 2*t + 3*o, 0 = 5*t + 3*o - 26. Let q(d) = 3*d - 4. Determine q(t).
8
Let o(p) = -5*p + 13. Let c(q) = -q + 3. Let k(b) = -18*c(b) + 4*o(b). Let r = 1 - 9. Let l = -12 - r. Determine k(l).
6
Suppose -3*c - 12 = -0*c. Let s(g) = g**3 + 3*g**2 - 4*g + 5. Calculate s(c).
5
Let i(g) = -5*g**2 - g. Suppose -3*r = -4*r + 1. Suppose 0 = x - r. Calculate i(x).
-6
Let x(f) = f**3 - 6*f - 7 + 4*f + 2*f - 4*f**2 - 5*f. What is x(5)?
-7
Suppose -2*n + 4*n + 10 = 0, 0 = -5*k - 2*n - 45. Let m(y) = 0*y**3 - y**3 - 8*y**2 - 2 - 1 - 7*y. What is m(k)?
-3
Let g(u) = -4*u - 4*u - u**2 + 6*u**3 - 4*u**2 + 1 + 5*u. Let j(w) = 7*w**3 - 5*w**2 - 4*w + 2. Let c(v) = -6*g(v) + 5*j(v). Calculate c(5).
-6
Let k(s) = -6*s - 2*s**2 + 3*s**2 + 0*s**2 - 1. Let g(t) = t. Let p(o) = o - 1. Let r(i) = -4*g(i) + 5*p(i). Let c be r(10). Calculate k(c).
-6
Let d(f) = 2*f**2 - 3*f - 2. Let l be (-3)/(-6)*-2*8. Let m(b) = b + 11. Let s be m(l). What is d(s)?
7
Let h(q) = -4*q - 7. Let s(g) = -2*g - 4. Let o(p) = -6*h(p) + 11*s(p). Suppose v - 12 = -4*v - 4*b, 2*b + 4 = 0. Determine o(v).
6
Let a(n) = -5*n**3 - n**2 - 2*n - 1. Let c(s) = -11*s**3 - s**2 - 4*s - 3. Let f(t) = 9*a(t) - 4*c(t). Give f(-3).
-9
Let k(a) = -3 + 2*a + 0*a**2 + 3*a + a**2. Let r = -12 + 7. Let d be k(r). Let h(i) = i**3 + 3*i**2 + 3*i + 3. Give h(d).
-6
Let m(b) be the first derivative of b**3/3 - 2*b**2 - b + 7. Determine m(3).
-4
Let n(a) = a**3 + a - 1. Suppose -2*p - 2*p = 0. Suppose 3*j - 8 = 7, 2*h - 4*j + 18 = p. Determine n(h).
1
Let g(r) = 10 + 2*r**2 - 11 - 7*r + 7*r**2 - 8*r**2. Calculate g(8).
7
Let k(m) = m**2 - 10*m + 6. Let h be k(10). Le